3 - 5*k**2 + 2. What is q(-6)?
26
Let z(c) = 7*c - 2. Let l(m) = -4*m - 1. Let q(a) = -2*l(a) - z(a). What is q(3)?
7
Let k(r) = -r**2 + 6*r + 5. Let t = 112 + -107. Suppose h + 2 = c - 7, 0 = -3*c + t*h + 33. Determine k(c).
5
Suppose 6*s - 12 = 3*s. Let j(v) = -15 + 15 + s + 2*v**2 - 5*v. Give j(4).
16
Let i(h) = -65 + 28 - h + 26. Calculate i(-11).
0
Let f = 36 + -32. Let c(x) = 0*x - 5*x + f*x + 2*x. What is c(-1)?
-1
Let z(t) = -t**3 - t**2 - 1. Let j(c) = 5*c**3 + 13*c**2 - 8. Let h(f) = j(f) + 4*z(f). Give h(-9).
-12
Let n(y) = -y**3 + 8*y**2 + 10*y - 6. Suppose 0*g = -2*g + 18. Let m be n(g). Suppose -m*t = -t. Let p(s) = -s**3 + s**2 - s - 6. Calculate p(t).
-6
Let u(p) = -15*p - 8. Let g(b) = -44*b - 22. Let n(x) = -4*g(x) + 11*u(x). What is n(-1)?
-11
Let n(f) = -2*f + 3. Suppose 4*c + 3 + 13 = 0, -v + 1 = c. Determine n(v).
-7
Let v be (72/(-32))/((-6)/16). Let y(i) = 0 + 8 + i - v. Let c = 1 + -6. What is y(c)?
-3
Suppose -2*x + 4 = -44. Suppose x = 4*i + 60. Let v(w) = -w**3 - 8*w**2 + 9*w - 1. Give v(i).
-1
Let f(l) = 2*l + 5. Let n(a) = -5*a - 5. Let s(m) = -4*m - 4. Let i(d) = -5*n(d) + 6*s(d). Let z(b) = -f(b) - i(b). Calculate z(-5).
9
Suppose 3 - 2 = -o - 3*h, -3*o - 2*h - 10 = 0. Let b(v) = 7*v + 23. Give b(o).
-5
Let w(u) = -u**3 + 6*u**2 - 3*u - 6. Suppose 3*z + 5*m - 10 = 0, 4*z - m - 10 - 11 = 0. What is w(z)?
4
Suppose -2*a - 4 = -3*u, 4*u + 2 - 9 = a. Let k(d) = 2*d**3 + 3*d**2 - 2*d. Let m be k(a). Let b(j) = 3 + 29*j - 23*j - m. Calculate b(-1).
-6
Let h = -1 + 3. Let n be -21*h/(-7)*3. Let f(r) = -5*r - 11*r**2 - 11*r**2 - 2 + n*r**2 - r**3 - 2. Give f(-4).
16
Let u(h) = h + 8 - 15 - 4 + 3. Suppose -d + 3 = -2*g, 25 = 3*d - 2*g + 4*g. Calculate u(d).
-1
Let l(m) = -4*m + 12. Let n(d) = 5*d - 13. Let a(r) = 6*l(r) + 5*n(r). Suppose 0 = -0*c + 4*c - 20, 2*c - 26 = 4*g. Give a(g).
3
Let s(t) be the second derivative of -t**5/20 + t**4/2 - 7*t**3/6 + 5*t**2/2 - 7*t. Let b = 16 + -11. Let j be s(b). Let r(v) = v + 8. What is r(j)?
3
Suppose 4*p + 0*p - 12 = 0, -42 = -3*s - 5*p. Suppose 0 = -5*q + 2*q + s. Let i(o) = o - 1. What is i(q)?
2
Suppose -5*r + 0 + 10 = 0. Let u(h) = r + h + 2 + h**2 + 0*h - 2*h**2. Give u(4).
-8
Let i(x) = x - 4. Suppose -8 = 2*h - 6*h. Let d be 2*(-2)/(-4)*h. Suppose 0*b + b + 5*s - 25 = 0, d*s = 3*b + 10. Determine i(b).
-4
Let x(k) = 8 - 14*k**3 + k**3 + 12*k**3 + k**2 + 4*k - 7*k**2. Calculate x(-6).
-16
Let a = 100 - 127. Let z = -23 - a. Let c(p) = -p**2 + 2*p + 4. Calculate c(z).
-4
Let c(j) = -27*j - 9. Let l be c(-2). Let m = l - 45. Let s(b) = -b - 3. Determine s(m).
-3
Suppose -77 = -2*f + 13*f. Let t(l) = -l**3 - 8*l**2 - 7*l + 9. Calculate t(f).
9
Let l(u) be the first derivative of -u**5/120 - u**4/24 + 6*u**3 - 18. Let z(q) be the third derivative of l(q). What is z(-8)?
7
Let o(y) = -y**3 + 11*y**2 + 27*y - 2. Let f be o(13). Let l(r) = -r + 3. Determine l(f).
-8
Let d(s) = 3*s**3 - 3*s**2 + 2*s + 1. Let f = 50 + -48. Give d(f).
17
Let y(v) = v**3 + 5*v**2 + 2*v + 4. Let g be 1 + -7 - (5 + -6). Give y(g).
-6
Let m(u) = 2*u + 5*u - 2 - 1. Let b = 47 - 54. Let k(l) = 2*l + 16. Let x be k(b). Give m(x).
11
Let u(y) = -2*y**2 - 2*y**2 + y**2 + 0*y**2 + 2*y**2 + 6 - 4*y. Let r(s) = 3*s - 3. Let c(o) = 1. Let z(v) = 4*c(v) + r(v). Let x be z(-2). Determine u(x).
1
Let m(x) be the first derivative of -8 + 1/20*x**5 - x**2 - 1/3*x**4 + 2/3*x**3 + 3*x. Let p(y) be the first derivative of m(y). Calculate p(3).
1
Let g be 24/4 + -2 + -3. Let v(c) = -5 - c + 2*c + 0*c + g. Determine v(5).
1
Let i(c) = -25*c + 277. Let h be i(11). Let s(j) = -2*j**3 + 3*j**2 - 4*j + 7. Calculate s(h).
-5
Let y(b) = -9*b - 21. Let k(x) = -1. Let c(o) = 2*o + 10. Let g(a) = c(a) + 6*k(a). Let l(z) = 11*g(z) + 2*y(z). Give l(-3).
-10
Let m(s) = -3*s**2 + 13*s - 2. Let o(l) = 5*l**2 - 18*l + 4. Let u(a) = -3*m(a) - 2*o(a). Let n be 3/(-2 + -1 - -2). Determine u(n).
-2
Let z(b) = -3*b + 19. Let h(w) = w**2 - 4*w - 24. Let f be h(8). What is z(f)?
-5
Let x(d) = -4 + 3*d**2 + 2*d**2 - d + d**3 - d**2. Suppose -n + 1 = 3*a, 4*n - 16 + 4 = -4*a. Suppose -5*j + 3*k - 25 = n*k, -2*j + 2 = -2*k. Calculate x(j).
0
Let u be 18/12*104/(-6). Let k = u + 27. Let o(b) = b**3 + 2*b**2 - 5*b - 1. Let f(d) = -1. Let i(x) = k*o(x) + 3*f(x). Give i(-4).
-16
Let p(l) = l**2 + 3*l + 4. Let j be p(-2). Let u(o) = 0*o**2 - o**2 - 328*o + 2 + 2*o**j + 333*o. Let h(g) = 3*g + 1. Let q be h(-2). Calculate u(q).
2
Let v(m) = -13*m**3 + 8*m**2 + 3*m + 7. Let o(j) = 29*j**3 - 17*j**2 - 6*j - 15. Let b(u) = 4*o(u) + 9*v(u). Give b(4).
15
Suppose -17*u = 48 - 320. Let o(k) = -k**3 + 15*k**2 + 15*k - 4. Give o(u).
-20
Suppose -2 = -2*x + 4*m, -4*x + 4*m - m = 11. Let a(h) = -16. Let k(l) = l + 44. Let y(q) = 8*a(q) + 3*k(q). Give y(x).
-11
Let u(r) = 1 - 8*r - 3*r + 0*r. Suppose 0 = 4*y + 5*x - 3*x, -4*y = -4*x - 12. What is u(y)?
-10
Let s(d) = -d + 54. Let w = -528 - -528. Give s(w).
54
Let f(w) = -w - 8. Suppose -261 - 29 = -58*p. What is f(p)?
-13
Suppose v + k = 17, 33 = -3*v + 4*v + 5*k. Suppose 0*f = 2*f + 2, 4*f = 3*o - 49. Suppose o*g = v*g. Let z(i) = i**2 - i + 10. Calculate z(g).
10
Let b(f) = f**3 - 3*f**2 - 2*f + 1. Let n be 4/14 + 902/77. Suppose 3*z - n = -3. Calculate b(z).
-5
Let c(a) = -a**3 - 3*a**2 - 3*a + 1. Let t(z) = -3*z**3 - 6*z**2 - 6*z + 1. Let i(l) = -5*c(l) + 2*t(l). Let n = -87 + 90. Determine i(n).
6
Suppose r = s - 2, 2*r + 0*s = s. Let m(q) = -13 - 4*q + 0*q + 14 - 6*q**2 + 5*q. What is m(r)?
-21
Let n(j) = 4*j - 2. Let b be n(-2). Let v be 0 - ((-1)/(-5) - (-62)/b). Let p(z) = z**2 - 6*z. Give p(v).
0
Let n(t) = t**2 - 13*t + 2. Let g be n(13). Suppose g*s - 4*s = -4. Let a(d) = -5*d + d**2 + 0 - s + 2*d**2 + 1 + d**3. Determine a(-4).
3
Suppose 30 = -2*c + 3*c - 3*f, f - 40 = -3*c. Let o(u) = -c*u + 8 - 2 + u**2 + 4*u - 1. Let q(d) = -d + 1. Let s(x) = -o(x) + 3*q(x). Calculate s(6).
10
Let h = 86 + -82. Let w be -1 - (h/8)/(1/(-6)). Let v(r) = -2*r**3 + 3*r**2 - r + 2. What is v(w)?
-4
Let c(g) = g**3 - 6*g**2 + 9*g - 3. Let k(s) = 2*s**2 + s + 2. Let o(i) = -c(i) + k(i). Give o(7).
-2
Let r(m) = -5*m - 1. Let c(x) = x. Let z(d) = 4*c(d) + r(d). Calculate z(0).
-1
Let x be (-25)/3 + (-2)/3. Let c(k) be the third derivative of -k**4/12 - 5*k**3/3 - 553*k**2. Give c(x).
8
Let f(r) = -2*r**3 + r**2 + 3*r - 2. Suppose 3*u - 6 = 0, 0*u = 4*x - 3*u - 18. Let v(s) = -s - 11. Let g be v(-7). Let k = x + g. Give f(k).
-8
Let v(y) = 4*y - 15 - y + 18. What is v(-5)?
-12
Suppose -y - 37 = -33. Let p(x) = -4*x - 12. Determine p(y).
4
Suppose -4*h + 3 - 15 = 0. Let v(u) = -u**3 - 5*u**2 - 8*u - 3. Calculate v(h).
3
Let z(j) = 9*j**2 + 69*j + 67. Let u(k) = 5*k**2 + 37*k + 34. Let c(w) = 11*u(w) - 6*z(w). Calculate c(9).
-10
Let z(b) = -3*b - 4. Let g be (-124)/(-12) - 10 - 11/(-3). Give z(g).
-16
Let m(p) = 0*p - 2*p**2 - 4*p - 109 + 109. Suppose 4*z - 5*q - 5 = 0, -2*z - 4*q = 3 + 1. Suppose -4*h + 8 = -2*n + 6*n, -4*n + 4*h - 32 = z. Calculate m(n).
-6
Let z(x) = -67*x - 70*x + 6*x**2 + 138*x. Determine z(-1).
5
Let r be -7 - (-12)/3 - 36/2. Let p be (-2)/(1 - (-48)/r - -1). Let w(t) = t**2 - 8*t - 2. What is w(p)?
-9
Let x(b) = 21*b**2 - 8*b. Suppose 0 = -4*y + 34 + 46. Let d be 5*(-18)/y*-2. Let k(s) = -5*s**2 + 2*s. Let u(r) = d*k(r) + 2*x(r). Determine u(2).
-8
Suppose -4 = -g + 75. Let v = g - 74. Let l(b) = 5*b**2 - 2*b - 1. Let u(c) = -c**2 - c + 1. Let p(k) = -l(k) - 4*u(k). Determine p(v).
2
Let p(l) be the first derivative of -l**4/4 + 5*l**3/3 - l**2 - 9*l - 56. What is p(4)?
-1
Let p(i) = 5*i**2 - 7*i + 5. Let f(x) = -2*x**2 + 5*x - 4. Let g(k) = -3*f(k) - 2*p(k). Let a = 4 + -2. Give g(a).
-16
Let h(u) be the first derivative of -u**4/4 - 5*u**3/3 + 4*u + 1. Suppose -r - y - 24 = 4*r, -5*r - 3*y = 32. Determine h(r).
-12
Let g(u) = u + 2. Let v(f) = 69*f + 342. Let x be v(-5). Determine g(x).
-1
Let f(u) = u**2 - u - 19. Let t be f(0). Suppose 10*d - 2*d = 128. Let y = t + d. Let k(o) = -o**2 + 3. Determine k(y).
-6
Let z(v) be the third derivative of v**4/8 - 7*v**3/6 - 4*v**2 + 2. Calculate z(5).
8
Let q(i) = -i**2 - 5*i + 4. Let w(p) = p**2 + 6*p - 4. Let z = 2 - -1. Let u(a) = z*w(a) + 4*q(a). Let x(s) = -2*s**2 + 2*s. Let m be x(2). Calculate u(m).
-4
Let w(m) = 5*m - 7. Let j(u) = 9*u - 13. L